9392?
True
Is 20031035 a multiple of 542?
False
Is 236475058 a multiple of 45?
False
Is 2903862 a multiple of 59?
True
Is 11474572 a multiple of 375?
False
Is 632 a factor of 18461637?
False
Is 429716208 a multiple of 1037?
True
Does 437 divide 980191?
True
Is 23222568 a multiple of 39?
False
Is 36 a factor of 235245348?
True
Is 80910659 even?
False
Is 8203423 a multiple of 137?
True
Is 12 a factor of 127248?
True
Is 214 a factor of 56129846?
True
Is 3568 a factor of 718929871?
False
Is 917404158 a multiple of 404?
False
Is 37635729 a multiple of 127?
False
Does 10 divide 17754924?
False
Is 353 a factor of 50361861?
False
Is 8 a factor of 264068073?
False
Is 93337829 a multiple of 348?
False
Is 794731217 a multiple of 73?
True
Is 934914240 a multiple of 12?
True
Does 13 divide 1367439346?
True
Is 153222366 a multiple of 3?
True
Does 118 divide 212872590?
True
Is 31 a factor of 6862687?
True
Does 13 divide 27393309?
False
Does 185 divide 479336856?
False
Does 14 divide 45316614?
True
Is 159837730 a multiple of 6?
False
Is 106 a factor of 1481239760?
True
Is 184562244 a multiple of 9?
True
Is 567823168 even?
True
Is 1741 a factor of 2930500101?
False
Does 540 divide 71577000?
True
Does 12 divide 4884840?
True
Is 688 a factor of 18468672?
True
Is 1386964258 a multiple of 42?
False
Does 1004 divide 86205112?
False
Is 23 a factor of 447662915?
True
Is 348156288 a multiple of 186?
True
Does 992 divide 267215972?
False
Is 55543735 a multiple of 670?
False
Does 16 divide 280475328?
True
Is 6517 a factor of 1281829698?
False
Is 860828 a multiple of 1402?
True
Is 844 a factor of 880411049?
False
Does 2096 divide 32538304?
True
Is 221008746 a multiple of 337?
False
Does 43 divide 19417080?
True
Does 205 divide 117410880?
True
Is 2660036329 a multiple of 88?
False
Does 1638 divide 4628758766?
False
Is 8 a factor of 14564189?
False
Is 132 a factor of 24975794?
False
Does 11 divide 1887310?
False
Is 555 a factor of 2753667465?
True
Is 599022671 a multiple of 48?
False
Does 39 divide 20136305?
False
Does 103 divide 1035898?
False
Is 26471568 a multiple of 2544?
False
Is 7 a factor of 42528816?
False
Does 218 divide 19192193?
False
Is 119 a factor of 111720211?
False
Is 7 a factor of 195268366?
False
Is 207 a factor of 21997512?
False
Is 260 a factor of 25672301?
False
Is 414917 a multiple of 81?
False
Is 204181702 a multiple of 284?
False
Is 5957 a factor of 534616922?
True
Is 76 a factor of 28966758?
False
Is 14 a factor of 189124670?
True
Is 57084223 a multiple of 44?
False
Is 185568240 a multiple of 48?
True
Is 1159 a factor of 101508565?
False
Is 1288672682 a multiple of 92?
False
Is 26 a factor of 3758465?
False
Does 1779 divide 40456456?
False
Is 237 a factor of 2504410758?
True
Does 168 divide 3793861?
False
Is 3 a factor of 8104043?
False
Does 418 divide 81916228?
False
Does 244 divide 257561764?
True
Is 429 a factor of 20203353?
False
Does 40 divide 125912800?
True
Does 695 divide 694469262?
False
Is 94267463 a multiple of 5?
False
Is 28 a factor of 127683287?
False
Is 977 a factor of 4428322168?
False
Is 484 a factor of 11240416?
True
Is 29 a factor of 70486588?
True
Is 302152368 a multiple of 8?
True
Does 284 divide 20427402?
False
Does 3 divide 15332849?
False
Does 94 divide 3382442559?
False
Does 21 divide 3454899?
True
Is 2188264056 a multiple of 773?
True
Is 79306169 a multiple of 1684?
False
Does 915 divide 15547680?
True
Does 257 divide 112375940?
False
Does 6 divide 66647255?
False
Does 7435 divide 2333276203?
False
Is 7 a factor of 697080939?
False
Is 322 a factor of 1700336986?
False
Does 809 divide 60119217?
True
Is 234327310 a multiple of 1715?
True
Is 5 a factor of 270314661?
False
Does 445 divide 115891350?
True
Does 2146 divide 1084569086?
True
Does 21 divide 83902182?
True
Is 37 a factor of 696187?
False
Is 1221551821 a multiple of 19?
False
Is 72319823 a multiple of 1733?
True
Is 48105726 a multiple of 1480?
False
Is 34 a factor of 14322597?
False
Is 161542639 a multiple of 296?
False
Is 2242 a factor of 1275657644?
True
Is 25 a factor of 276225?
True
Is 4 a factor of 534663423?
False
Is 53764317 a multiple of 1863?
True
Is 260 a factor of 15674986?
False
Is 97633073 a multiple of 3744?
False
Does 274 divide 52473216?
False
Does 156 divide 24858953?
False
Is 25 a factor of 9336811?
False
Is 3035835 a multiple of 10?
False
Does 441 divide 10173429?
True
Is 515349615 a multiple of 1145?
True
Does 42 divide 388258794?
True
Is 650 a factor of 98595250?
True
Is 145 a factor of 7643385?
True
Is 57265773 a multiple of 27?
False
Is 64282010 a multiple of 26?
True
Does 951 divide 197922120?
True
Does 22 divide 340523766?
True
Does 400 divide 3318400?
True
Is 1016990694 a multiple of 5274?
True
Is 465261826 a multiple of 934?
True
Is 809 a factor of 410721092?
False
Does 745 divide 7410515?
True
Does 4 divide 867752085?
False
Does 804 divide 56259900?
True
Is 11241825 a multiple of 968?
False
Is 80 a factor of 383654?
False
Does 486 divide 872075531?
False
Does 24 divide 655562208?
True
Is 8244762 a multiple of 17?
True
Is 607288770 a multiple of 1298?
True
Is 838795194 a multiple of 2757?
True
Is 134262081 a multiple of 30?
False
Does 869 divide 82942?
False
Does 6 divide 175966854?
True
Is 182 a factor of 7187613?
False
Is 8 a factor of 129058327?
False
Is 369840679 a multiple of 663?
False
Does 218 divide 29671762?
True
Does 30 divide 4271151481?
False
Is 4 a factor of 85643716?
True
Does 1196 divide 50879036?
True
Is 1920 a factor of 609204480?
True
Is 23 a factor of 334037211?
True
Does 2775 divide 237642070?
False
Does 76 divide 6263616?
True
Does 934 divide 44754534?
False
Is 103 a factor of 2294698875?
False
Is 160 a factor of 47541280?
True
Does 3 divide 252192219?
True
Is 11 a factor of 1130934783?
True
Does 136 divide 3428761576?
False
Does 1359 divide 1164783167?
False
Does 12 divide 184010?
False
Is 2 a factor of 185355690?
True
Is 15 a factor of 12087480?
True
Does 526 divide 201595812?
True
Does 29 divide 112901028?
False
Is 778 a factor of 108932448?
True
Is 16 a factor of 22425792?
True
Is 94596370 a multiple of 809?
True
Is 27808043 a multiple of 22?
False
Is 2139 a factor of 1782544070?
False
Does 615 divide 3180233880?
True
Does 72 divide 50954488?
False
Is 7103 a factor of 496972037?
False
Is 573 a factor of 30075624?
True
Does 21 divide 29812734?
True
Does 1230 divide 501877052?
False
Is 79 a factor of 778306578?
True
Is 1595381925 a multiple of 59?
False
Does 222 divide 1987484748?
True
Is 11 a factor of 1039377124?
False
Is 68375462 a multiple of 1438?
True
Is 92287621 a multiple of 19?
False
Is 36526854 a multiple of 49?
True
Does 388 divide 47203692?
True
Is 527 a factor of 88160603?
False
Does 9 divide 40955085?
True
Is 17072609 a multiple of 201?
False
Is 162 a factor of 3619080?
True
Does 399 divide 393239412?
False
Is 354 a factor of 54335814?
True
Is 754 a factor of 21657600?
False
Is 777128291 a multiple of 12?
False
Is 1791918000 a multiple of 50?
True
Is 10 a factor of 2771471959?
False
Is 3260 a factor of 188138154?
False
Is 5 a factor of 296324975?
True
Does 282 divide 23977139?
False
Is 271847939 a multiple of 2?
False
Is 1422 a factor of 60039684?
True
Is 138827459 a multiple of 1481?
True
Does 433 divide 734692955?
False
Is 847776164 a multiple of 5186?
True
Does 5 divide 24747855?
True
Does 8 divide 136860832?
True
Is 2127 a factor of 187926831?
True
Does 2 divide 119837996?
True
Does 17 divide 59206716?
True
Is 1063 a factor of 3631439768?
False
Is 83105259 a multiple of 35?
False
Is 438 a factor of 95286900?
True
Is 11034567 a multiple of 577?
False
Is 1393578082 a multiple of 26?
True
Is 10 a factor of 72218012?
False
Does 346 divide 173079493?
False
Is 13692415 a multiple of 1205?
True
Does 33 divide 133556809?
False
Is 104449419 a multiple of 31?
False
Is 6 a factor of 1456161?
False
Does 29 divide 325712195?
True
Is 4 a factor of 15599024?
True
Is 130 a factor of 79619670?
True
Does 34 divide 184478628?
True
Is 353 a factor of 983043207?
False
Is 30 a factor of 8319900?
True
Is 8119 a factor of 4582752582?
False
Is 8 a factor of 253042914?
False
Does 11 divide 359205832?
False
Is 2162 a factor of 59024762?
True
Does 742 divide 679622053?
False
Is 4194 a factor of 530574552?
True
Does 4 divid